{"id":45119,"date":"2020-04-28T08:28:49","date_gmt":"2020-04-28T08:28:49","guid":{"rendered":"https:\/\/escapehunt.com\/fr\/nancy\/?page_id=45119"},"modified":"2020-07-21T15:38:42","modified_gmt":"2020-07-21T15:38:42","slug":"escape-game-chez-soi","status":"publish","type":"page","link":"https:\/\/escapehunt.com\/fr\/nancy\/escape-game-chez-soi\/","title":{"rendered":"L&rsquo;escape game <br> chez soi"},"content":{"rendered":"<p style=\"text-align: center;\"><strong>D\u00e9couvrez nos escape games \u00e0 jouer \u00e0 la maison depuis votre salon, seul ou \u00e0 plusieurs.\u00a0T\u00e9l\u00e9chargez votre pack, imprimez, d\u00e9coupez &#8230; jouez !\u00a0<\/strong><\/p>\n<h4 style=\"text-align: center;\"><strong><br \/>\n<\/strong><\/h4>\n","protected":false},"excerpt":{"rendered":"<p>D\u00e9couvrez nos escape games \u00e0 jouer \u00e0 la maison depuis votre salon, seul ou \u00e0 plusieurs.\u00a0T\u00e9l\u00e9chargez votre pack, imprimez, d\u00e9coupez &#8230; jouez !\u00a0<\/p>\n","protected":false},"author":62,"featured_media":0,"parent":0,"menu_order":0,"comment_status":"closed","ping_status":"closed","template":"views\/kids-package.php","meta":{"_acf_changed":false,"footnotes":""},"class_list":["post-45119","page","type-page","status-publish","hentry"],"acf":{"custom_schema_json":""},"yoast_head":"<!-- This site is optimized with the Yoast SEO plugin v27.0 - https:\/\/yoast.com\/product\/yoast-seo-wordpress\/ -->\n<title>L&#039;escape game  chez soi - Escape Hunt Nancy<\/title>\n<meta name=\"robots\" content=\"index, follow, max-snippet:-1, max-image-preview:large, max-video-preview:-1\" \/>\n<link rel=\"canonical\" href=\"https:\/\/escapehunt.com\/fr\/nancy\/escape-game-chez-soi\/\" \/>\n<meta property=\"og:locale\" content=\"fr_FR\" \/>\n<meta property=\"og:type\" content=\"article\" \/>\n<meta property=\"og:title\" content=\"L&#039;escape game  chez soi - Escape Hunt Nancy\" \/>\n<meta property=\"og:description\" content=\"D\u00e9couvrez nos escape games \u00e0 jouer \u00e0 la maison depuis votre salon, seul ou \u00e0 plusieurs.\u00a0T\u00e9l\u00e9chargez votre pack, imprimez, d\u00e9coupez &#8230; jouez !\u00a0\" \/>\n<meta property=\"og:url\" content=\"https:\/\/escapehunt.com\/fr\/nancy\/escape-game-chez-soi\/\" \/>\n<meta property=\"og:site_name\" content=\"Nancy\" \/>\n<meta property=\"article:modified_time\" content=\"2020-07-21T15:38:42+00:00\" \/>\n<meta name=\"twitter:card\" content=\"summary_large_image\" \/>\n<script type=\"application\/ld+json\" class=\"yoast-schema-graph\">{\"@context\":\"https:\/\/schema.org\",\"@graph\":[{\"@type\":\"WebPage\",\"@id\":\"https:\/\/escapehunt.com\/fr\/nancy\/escape-game-chez-soi\/\",\"url\":\"https:\/\/escapehunt.com\/fr\/nancy\/escape-game-chez-soi\/\",\"name\":\"L'escape game chez soi - Escape Hunt Nancy\",\"isPartOf\":{\"@id\":\"https:\/\/escapehunt.com\/fr\/nancy\/#website\"},\"datePublished\":\"2020-04-28T08:28:49+00:00\",\"dateModified\":\"2020-07-21T15:38:42+00:00\",\"breadcrumb\":{\"@id\":\"https:\/\/escapehunt.com\/fr\/nancy\/escape-game-chez-soi\/#breadcrumb\"},\"inLanguage\":\"fr-FR\",\"potentialAction\":[{\"@type\":\"ReadAction\",\"target\":[\"https:\/\/escapehunt.com\/fr\/nancy\/escape-game-chez-soi\/\"]}]},{\"@type\":\"BreadcrumbList\",\"@id\":\"https:\/\/escapehunt.com\/fr\/nancy\/escape-game-chez-soi\/#breadcrumb\",\"itemListElement\":[{\"@type\":\"ListItem\",\"position\":1,\"name\":\"Blog\",\"item\":\"https:\/\/escapehunt.com\/fr\/nancy\/escape-hunt-nancy-blog\/\"},{\"@type\":\"ListItem\",\"position\":2,\"name\":\"L&rsquo;escape game chez soi\"}]},{\"@type\":\"WebSite\",\"@id\":\"https:\/\/escapehunt.com\/fr\/nancy\/#website\",\"url\":\"https:\/\/escapehunt.com\/fr\/nancy\/\",\"name\":\"Nancy\",\"description\":\"Escape Hunt Nancy \u2013 L\u2019Escape Game Num\u00e9ro 1 \u00e0 Nancy\",\"potentialAction\":[{\"@type\":\"SearchAction\",\"target\":{\"@type\":\"EntryPoint\",\"urlTemplate\":\"https:\/\/escapehunt.com\/fr\/nancy\/?s={search_term_string}\"},\"query-input\":{\"@type\":\"PropertyValueSpecification\",\"valueRequired\":true,\"valueName\":\"search_term_string\"}}],\"inLanguage\":\"fr-FR\"}]}<\/script>\n<!-- \/ Yoast SEO plugin. -->","yoast_head_json":{"title":"L'escape game  chez soi - Escape Hunt Nancy","robots":{"index":"index","follow":"follow","max-snippet":"max-snippet:-1","max-image-preview":"max-image-preview:large","max-video-preview":"max-video-preview:-1"},"canonical":"https:\/\/escapehunt.com\/fr\/nancy\/escape-game-chez-soi\/","og_locale":"fr_FR","og_type":"article","og_title":"L'escape game  chez soi - Escape Hunt Nancy","og_description":"D\u00e9couvrez nos escape games \u00e0 jouer \u00e0 la maison depuis votre salon, seul ou \u00e0 plusieurs.\u00a0T\u00e9l\u00e9chargez votre pack, imprimez, d\u00e9coupez &#8230; jouez !\u00a0","og_url":"https:\/\/escapehunt.com\/fr\/nancy\/escape-game-chez-soi\/","og_site_name":"Nancy","article_modified_time":"2020-07-21T15:38:42+00:00","twitter_card":"summary_large_image","schema":{"@context":"https:\/\/schema.org","@graph":[{"@type":"WebPage","@id":"https:\/\/escapehunt.com\/fr\/nancy\/escape-game-chez-soi\/","url":"https:\/\/escapehunt.com\/fr\/nancy\/escape-game-chez-soi\/","name":"L'escape game chez soi - Escape Hunt Nancy","isPartOf":{"@id":"https:\/\/escapehunt.com\/fr\/nancy\/#website"},"datePublished":"2020-04-28T08:28:49+00:00","dateModified":"2020-07-21T15:38:42+00:00","breadcrumb":{"@id":"https:\/\/escapehunt.com\/fr\/nancy\/escape-game-chez-soi\/#breadcrumb"},"inLanguage":"fr-FR","potentialAction":[{"@type":"ReadAction","target":["https:\/\/escapehunt.com\/fr\/nancy\/escape-game-chez-soi\/"]}]},{"@type":"BreadcrumbList","@id":"https:\/\/escapehunt.com\/fr\/nancy\/escape-game-chez-soi\/#breadcrumb","itemListElement":[{"@type":"ListItem","position":1,"name":"Blog","item":"https:\/\/escapehunt.com\/fr\/nancy\/escape-hunt-nancy-blog\/"},{"@type":"ListItem","position":2,"name":"L&rsquo;escape game chez soi"}]},{"@type":"WebSite","@id":"https:\/\/escapehunt.com\/fr\/nancy\/#website","url":"https:\/\/escapehunt.com\/fr\/nancy\/","name":"Nancy","description":"Escape Hunt Nancy \u2013 L\u2019Escape Game Num\u00e9ro 1 \u00e0 Nancy","potentialAction":[{"@type":"SearchAction","target":{"@type":"EntryPoint","urlTemplate":"https:\/\/escapehunt.com\/fr\/nancy\/?s={search_term_string}"},"query-input":{"@type":"PropertyValueSpecification","valueRequired":true,"valueName":"search_term_string"}}],"inLanguage":"fr-FR"}]}},"custom_schema_json":"","_links":{"self":[{"href":"https:\/\/escapehunt.com\/fr\/nancy\/wp-json\/wp\/v2\/pages\/45119","targetHints":{"allow":["GET"]}}],"collection":[{"href":"https:\/\/escapehunt.com\/fr\/nancy\/wp-json\/wp\/v2\/pages"}],"about":[{"href":"https:\/\/escapehunt.com\/fr\/nancy\/wp-json\/wp\/v2\/types\/page"}],"author":[{"embeddable":true,"href":"https:\/\/escapehunt.com\/fr\/nancy\/wp-json\/wp\/v2\/users\/62"}],"replies":[{"embeddable":true,"href":"https:\/\/escapehunt.com\/fr\/nancy\/wp-json\/wp\/v2\/comments?post=45119"}],"version-history":[{"count":5,"href":"https:\/\/escapehunt.com\/fr\/nancy\/wp-json\/wp\/v2\/pages\/45119\/revisions"}],"predecessor-version":[{"id":45168,"href":"https:\/\/escapehunt.com\/fr\/nancy\/wp-json\/wp\/v2\/pages\/45119\/revisions\/45168"}],"wp:attachment":[{"href":"https:\/\/escapehunt.com\/fr\/nancy\/wp-json\/wp\/v2\/media?parent=45119"}],"curies":[{"name":"wp","href":"https:\/\/api.w.org\/{rel}","templated":true}]}}