{"id":413,"date":"2018-11-23T17:01:29","date_gmt":"2018-11-23T17:01:29","guid":{"rendered":"http:\/\/s27835.p712.sites.pressdns.com\/fr\/bordeaux\/?page_id=413"},"modified":"2025-01-30T17:36:55","modified_gmt":"2025-01-30T17:36:55","slug":"blog","status":"publish","type":"page","link":"https:\/\/escapehunt.com\/fr\/belfort\/blog\/","title":{"rendered":"Escape Hunt Belfort Blog"},"content":{"rendered":"<p>Bienvenue sur le blog Escape Hunt Belfort \u2013 apprenez-en plus sur nos escape games immersifs, nos options et formules pour vos \u00e9v\u00e9nements et bien plus encore. \u00cates-vous pr\u00eat pour une nouvelle aventure ?<\/p>\n","protected":false},"excerpt":{"rendered":"<p>Bienvenue sur le blog Escape Hunt Belfort \u2013 apprenez-en plus sur nos escape games immersifs, nos options et formules pour vos \u00e9v\u00e9nements et bien plus encore. \u00cates-vous pr\u00eat pour une&hellip;<\/p>\n","protected":false},"author":16,"featured_media":0,"parent":0,"menu_order":0,"comment_status":"closed","ping_status":"closed","template":"templates\/blog-template.php","meta":{"_acf_changed":false,"footnotes":""},"class_list":["post-413","page","type-page","status-publish","hentry"],"acf":{"custom_schema_json":""},"yoast_head":"<!-- This site is optimized with the Yoast SEO plugin v27.0 - https:\/\/yoast.com\/product\/yoast-seo-wordpress\/ -->\n<title>Escape Hunt Belfort Blog - Belfort<\/title>\n<meta name=\"robots\" content=\"index, follow, max-snippet:-1, max-image-preview:large, max-video-preview:-1\" \/>\n<link rel=\"canonical\" href=\"https:\/\/escapehunt.com\/fr\/belfort\/blog\/\" \/>\n<meta property=\"og:locale\" content=\"fr_FR\" \/>\n<meta property=\"og:type\" content=\"article\" \/>\n<meta property=\"og:title\" content=\"Escape Hunt Belfort Blog - Belfort\" \/>\n<meta property=\"og:description\" content=\"Bienvenue sur le blog Escape Hunt Belfort \u2013 apprenez-en plus sur nos escape games immersifs, nos options et formules pour vos \u00e9v\u00e9nements et bien plus encore. \u00cates-vous pr\u00eat pour une&hellip;\" \/>\n<meta property=\"og:url\" content=\"https:\/\/escapehunt.com\/fr\/belfort\/blog\/\" \/>\n<meta property=\"og:site_name\" content=\"Belfort\" \/>\n<meta property=\"article:modified_time\" content=\"2025-01-30T17:36:55+00:00\" \/>\n<meta name=\"twitter:card\" content=\"summary_large_image\" \/>\n<meta name=\"twitter:label1\" content=\"Dur\u00e9e de lecture estim\u00e9e\" \/>\n\t<meta name=\"twitter:data1\" content=\"1 minute\" \/>\n<script type=\"application\/ld+json\" class=\"yoast-schema-graph\">{\"@context\":\"https:\/\/schema.org\",\"@graph\":[{\"@type\":\"WebPage\",\"@id\":\"https:\/\/escapehunt.com\/fr\/belfort\/blog\/\",\"url\":\"https:\/\/escapehunt.com\/fr\/belfort\/blog\/\",\"name\":\"Escape Hunt Belfort Blog - Belfort\",\"isPartOf\":{\"@id\":\"https:\/\/escapehunt.com\/fr\/belfort\/#website\"},\"datePublished\":\"2018-11-23T17:01:29+00:00\",\"dateModified\":\"2025-01-30T17:36:55+00:00\",\"breadcrumb\":{\"@id\":\"https:\/\/escapehunt.com\/fr\/belfort\/blog\/#breadcrumb\"},\"inLanguage\":\"fr-FR\",\"potentialAction\":[{\"@type\":\"ReadAction\",\"target\":[\"https:\/\/escapehunt.com\/fr\/belfort\/blog\/\"]}]},{\"@type\":\"BreadcrumbList\",\"@id\":\"https:\/\/escapehunt.com\/fr\/belfort\/blog\/#breadcrumb\",\"itemListElement\":[{\"@type\":\"ListItem\",\"position\":1,\"name\":\"Blog\",\"item\":\"https:\/\/escapehunt.com\/fr\/belfort\/blog\/\"},{\"@type\":\"ListItem\",\"position\":2,\"name\":\"Escape Hunt Belfort Blog\"}]},{\"@type\":\"WebSite\",\"@id\":\"https:\/\/escapehunt.com\/fr\/belfort\/#website\",\"url\":\"https:\/\/escapehunt.com\/fr\/belfort\/\",\"name\":\"Belfort\",\"description\":\"Escape Hunt Belfort - Number 1 Escape Game in Belfort\",\"potentialAction\":[{\"@type\":\"SearchAction\",\"target\":{\"@type\":\"EntryPoint\",\"urlTemplate\":\"https:\/\/escapehunt.com\/fr\/belfort\/?s={search_term_string}\"},\"query-input\":{\"@type\":\"PropertyValueSpecification\",\"valueRequired\":true,\"valueName\":\"search_term_string\"}}],\"inLanguage\":\"fr-FR\"}]}<\/script>\n<!-- \/ Yoast SEO plugin. -->","yoast_head_json":{"title":"Escape Hunt Belfort Blog - Belfort","robots":{"index":"index","follow":"follow","max-snippet":"max-snippet:-1","max-image-preview":"max-image-preview:large","max-video-preview":"max-video-preview:-1"},"canonical":"https:\/\/escapehunt.com\/fr\/belfort\/blog\/","og_locale":"fr_FR","og_type":"article","og_title":"Escape Hunt Belfort Blog - Belfort","og_description":"Bienvenue sur le blog Escape Hunt Belfort \u2013 apprenez-en plus sur nos escape games immersifs, nos options et formules pour vos \u00e9v\u00e9nements et bien plus encore. \u00cates-vous pr\u00eat pour une&hellip;","og_url":"https:\/\/escapehunt.com\/fr\/belfort\/blog\/","og_site_name":"Belfort","article_modified_time":"2025-01-30T17:36:55+00:00","twitter_card":"summary_large_image","twitter_misc":{"Dur\u00e9e de lecture estim\u00e9e":"1 minute"},"schema":{"@context":"https:\/\/schema.org","@graph":[{"@type":"WebPage","@id":"https:\/\/escapehunt.com\/fr\/belfort\/blog\/","url":"https:\/\/escapehunt.com\/fr\/belfort\/blog\/","name":"Escape Hunt Belfort Blog - Belfort","isPartOf":{"@id":"https:\/\/escapehunt.com\/fr\/belfort\/#website"},"datePublished":"2018-11-23T17:01:29+00:00","dateModified":"2025-01-30T17:36:55+00:00","breadcrumb":{"@id":"https:\/\/escapehunt.com\/fr\/belfort\/blog\/#breadcrumb"},"inLanguage":"fr-FR","potentialAction":[{"@type":"ReadAction","target":["https:\/\/escapehunt.com\/fr\/belfort\/blog\/"]}]},{"@type":"BreadcrumbList","@id":"https:\/\/escapehunt.com\/fr\/belfort\/blog\/#breadcrumb","itemListElement":[{"@type":"ListItem","position":1,"name":"Blog","item":"https:\/\/escapehunt.com\/fr\/belfort\/blog\/"},{"@type":"ListItem","position":2,"name":"Escape Hunt Belfort Blog"}]},{"@type":"WebSite","@id":"https:\/\/escapehunt.com\/fr\/belfort\/#website","url":"https:\/\/escapehunt.com\/fr\/belfort\/","name":"Belfort","description":"Escape Hunt Belfort - Number 1 Escape Game in Belfort","potentialAction":[{"@type":"SearchAction","target":{"@type":"EntryPoint","urlTemplate":"https:\/\/escapehunt.com\/fr\/belfort\/?s={search_term_string}"},"query-input":{"@type":"PropertyValueSpecification","valueRequired":true,"valueName":"search_term_string"}}],"inLanguage":"fr-FR"}]}},"custom_schema_json":"","_links":{"self":[{"href":"https:\/\/escapehunt.com\/fr\/belfort\/wp-json\/wp\/v2\/pages\/413","targetHints":{"allow":["GET"]}}],"collection":[{"href":"https:\/\/escapehunt.com\/fr\/belfort\/wp-json\/wp\/v2\/pages"}],"about":[{"href":"https:\/\/escapehunt.com\/fr\/belfort\/wp-json\/wp\/v2\/types\/page"}],"author":[{"embeddable":true,"href":"https:\/\/escapehunt.com\/fr\/belfort\/wp-json\/wp\/v2\/users\/16"}],"replies":[{"embeddable":true,"href":"https:\/\/escapehunt.com\/fr\/belfort\/wp-json\/wp\/v2\/comments?post=413"}],"version-history":[{"count":5,"href":"https:\/\/escapehunt.com\/fr\/belfort\/wp-json\/wp\/v2\/pages\/413\/revisions"}],"predecessor-version":[{"id":39238,"href":"https:\/\/escapehunt.com\/fr\/belfort\/wp-json\/wp\/v2\/pages\/413\/revisions\/39238"}],"wp:attachment":[{"href":"https:\/\/escapehunt.com\/fr\/belfort\/wp-json\/wp\/v2\/media?parent=413"}],"curies":[{"name":"wp","href":"https:\/\/api.w.org\/{rel}","templated":true}]}}