{"id":233,"date":"2018-10-11T10:20:54","date_gmt":"2018-10-11T10:20:54","guid":{"rendered":"https:\/\/escapehunt.com\/es\/barcelona\/?page_id=233"},"modified":"2019-10-22T09:55:55","modified_gmt":"2019-10-22T09:55:55","slug":"la-emocion-comienza-aqui","status":"publish","type":"page","link":"https:\/\/escapehunt.com\/es\/barcelona\/la-emocion-comienza-aqui\/","title":{"rendered":"LA EMOCI\u00d3N COMIENZA AQU\u00cd"},"content":{"rendered":"<p>Elige entre la euforia intensa de nuestra aventura de La Vampira de Barcelona, El Misterio de Gaud\u00ed o la acci\u00f3n rebosante de adrenalina de nuestra experiencia Escuela de Ladrones.<\/p>\n","protected":false},"excerpt":{"rendered":"<p>Elige entre la euforia intensa de nuestra aventura de La Vampira de Barcelona, El Misterio de Gaud\u00ed o la acci\u00f3n rebosante de adrenalina de nuestra experiencia Escuela de Ladrones.<\/p>\n","protected":false},"author":19,"featured_media":0,"parent":0,"menu_order":0,"comment_status":"closed","ping_status":"closed","template":"views\/booking.php","meta":{"_acf_changed":false,"footnotes":""},"class_list":["post-233","page","type-page","status-publish","hentry"],"acf":{"custom_schema_json":""},"yoast_head":"<!-- This site is optimized with the Yoast SEO plugin v27.0 - https:\/\/yoast.com\/product\/yoast-seo-wordpress\/ -->\n<title>LA EMOCI\u00d3N COMIENZA AQU\u00cd - Reserva tu Escape Room | Escape Hunt Barcelona<\/title>\n<meta name=\"description\" content=\"Reserva las salas de escape room m\u00e1s emocionantes de Barcelona . Escoge la hora, el n\u00famero de personas y reserva tu experiencia Escape Hunt hoy mismo.\" \/>\n<meta name=\"robots\" content=\"index, follow, max-snippet:-1, max-image-preview:large, max-video-preview:-1\" \/>\n<link rel=\"canonical\" href=\"https:\/\/escapehunt.com\/es\/barcelona\/la-emocion-comienza-aqui\/\" \/>\n<meta property=\"og:locale\" content=\"es_ES\" \/>\n<meta property=\"og:type\" content=\"article\" \/>\n<meta property=\"og:title\" content=\"LA EMOCI\u00d3N COMIENZA AQU\u00cd - Reserva tu Escape Room | Escape Hunt Barcelona\" \/>\n<meta property=\"og:description\" content=\"Reserva las salas de escape room m\u00e1s emocionantes de Barcelona . Escoge la hora, el n\u00famero de personas y reserva tu experiencia Escape Hunt hoy mismo.\" \/>\n<meta property=\"og:url\" content=\"https:\/\/escapehunt.com\/es\/barcelona\/la-emocion-comienza-aqui\/\" \/>\n<meta property=\"og:site_name\" content=\"Barcelona\" \/>\n<meta property=\"article:modified_time\" content=\"2019-10-22T09:55:55+00:00\" \/>\n<meta name=\"twitter:card\" content=\"summary_large_image\" \/>\n<script type=\"application\/ld+json\" class=\"yoast-schema-graph\">{\"@context\":\"https:\/\/schema.org\",\"@graph\":[{\"@type\":\"WebPage\",\"@id\":\"https:\/\/escapehunt.com\/es\/barcelona\/la-emocion-comienza-aqui\/\",\"url\":\"https:\/\/escapehunt.com\/es\/barcelona\/la-emocion-comienza-aqui\/\",\"name\":\"LA EMOCI\u00d3N COMIENZA AQU\u00cd - Reserva tu Escape Room | Escape Hunt Barcelona\",\"isPartOf\":{\"@id\":\"https:\/\/escapehunt.com\/es\/barcelona\/en\/#website\"},\"datePublished\":\"2018-10-11T10:20:54+00:00\",\"dateModified\":\"2019-10-22T09:55:55+00:00\",\"description\":\"Reserva las salas de escape room m\u00e1s emocionantes de Barcelona . Escoge la hora, el n\u00famero de personas y reserva tu experiencia Escape Hunt hoy mismo.\",\"breadcrumb\":{\"@id\":\"https:\/\/escapehunt.com\/es\/barcelona\/la-emocion-comienza-aqui\/#breadcrumb\"},\"inLanguage\":\"es\",\"potentialAction\":[{\"@type\":\"ReadAction\",\"target\":[\"https:\/\/escapehunt.com\/es\/barcelona\/la-emocion-comienza-aqui\/\"]}]},{\"@type\":\"BreadcrumbList\",\"@id\":\"https:\/\/escapehunt.com\/es\/barcelona\/la-emocion-comienza-aqui\/#breadcrumb\",\"itemListElement\":[{\"@type\":\"ListItem\",\"position\":1,\"name\":\"Home\",\"item\":\"https:\/\/escapehunt.com\/es\/barcelona\/\"},{\"@type\":\"ListItem\",\"position\":2,\"name\":\"LA EMOCI\u00d3N COMIENZA AQU\u00cd\"}]},{\"@type\":\"WebSite\",\"@id\":\"https:\/\/escapehunt.com\/es\/barcelona\/en\/#website\",\"url\":\"https:\/\/escapehunt.com\/es\/barcelona\/en\/\",\"name\":\"Barcelona\",\"description\":\"Just another Escape Hunt Staging Sites site\",\"potentialAction\":[{\"@type\":\"SearchAction\",\"target\":{\"@type\":\"EntryPoint\",\"urlTemplate\":\"https:\/\/escapehunt.com\/es\/barcelona\/en\/?s={search_term_string}\"},\"query-input\":{\"@type\":\"PropertyValueSpecification\",\"valueRequired\":true,\"valueName\":\"search_term_string\"}}],\"inLanguage\":\"es\"}]}<\/script>\n<!-- \/ Yoast SEO plugin. -->","yoast_head_json":{"title":"LA EMOCI\u00d3N COMIENZA AQU\u00cd - Reserva tu Escape Room | Escape Hunt Barcelona","description":"Reserva las salas de escape room m\u00e1s emocionantes de Barcelona . Escoge la hora, el n\u00famero de personas y reserva tu experiencia Escape Hunt hoy mismo.","robots":{"index":"index","follow":"follow","max-snippet":"max-snippet:-1","max-image-preview":"max-image-preview:large","max-video-preview":"max-video-preview:-1"},"canonical":"https:\/\/escapehunt.com\/es\/barcelona\/la-emocion-comienza-aqui\/","og_locale":"es_ES","og_type":"article","og_title":"LA EMOCI\u00d3N COMIENZA AQU\u00cd - Reserva tu Escape Room | Escape Hunt Barcelona","og_description":"Reserva las salas de escape room m\u00e1s emocionantes de Barcelona . Escoge la hora, el n\u00famero de personas y reserva tu experiencia Escape Hunt hoy mismo.","og_url":"https:\/\/escapehunt.com\/es\/barcelona\/la-emocion-comienza-aqui\/","og_site_name":"Barcelona","article_modified_time":"2019-10-22T09:55:55+00:00","twitter_card":"summary_large_image","schema":{"@context":"https:\/\/schema.org","@graph":[{"@type":"WebPage","@id":"https:\/\/escapehunt.com\/es\/barcelona\/la-emocion-comienza-aqui\/","url":"https:\/\/escapehunt.com\/es\/barcelona\/la-emocion-comienza-aqui\/","name":"LA EMOCI\u00d3N COMIENZA AQU\u00cd - Reserva tu Escape Room | Escape Hunt Barcelona","isPartOf":{"@id":"https:\/\/escapehunt.com\/es\/barcelona\/en\/#website"},"datePublished":"2018-10-11T10:20:54+00:00","dateModified":"2019-10-22T09:55:55+00:00","description":"Reserva las salas de escape room m\u00e1s emocionantes de Barcelona . Escoge la hora, el n\u00famero de personas y reserva tu experiencia Escape Hunt hoy mismo.","breadcrumb":{"@id":"https:\/\/escapehunt.com\/es\/barcelona\/la-emocion-comienza-aqui\/#breadcrumb"},"inLanguage":"es","potentialAction":[{"@type":"ReadAction","target":["https:\/\/escapehunt.com\/es\/barcelona\/la-emocion-comienza-aqui\/"]}]},{"@type":"BreadcrumbList","@id":"https:\/\/escapehunt.com\/es\/barcelona\/la-emocion-comienza-aqui\/#breadcrumb","itemListElement":[{"@type":"ListItem","position":1,"name":"Home","item":"https:\/\/escapehunt.com\/es\/barcelona\/"},{"@type":"ListItem","position":2,"name":"LA EMOCI\u00d3N COMIENZA AQU\u00cd"}]},{"@type":"WebSite","@id":"https:\/\/escapehunt.com\/es\/barcelona\/en\/#website","url":"https:\/\/escapehunt.com\/es\/barcelona\/en\/","name":"Barcelona","description":"Just another Escape Hunt Staging Sites site","potentialAction":[{"@type":"SearchAction","target":{"@type":"EntryPoint","urlTemplate":"https:\/\/escapehunt.com\/es\/barcelona\/en\/?s={search_term_string}"},"query-input":{"@type":"PropertyValueSpecification","valueRequired":true,"valueName":"search_term_string"}}],"inLanguage":"es"}]}},"custom_schema_json":"","_links":{"self":[{"href":"https:\/\/escapehunt.com\/es\/barcelona\/wp-json\/wp\/v2\/pages\/233","targetHints":{"allow":["GET"]}}],"collection":[{"href":"https:\/\/escapehunt.com\/es\/barcelona\/wp-json\/wp\/v2\/pages"}],"about":[{"href":"https:\/\/escapehunt.com\/es\/barcelona\/wp-json\/wp\/v2\/types\/page"}],"author":[{"embeddable":true,"href":"https:\/\/escapehunt.com\/es\/barcelona\/wp-json\/wp\/v2\/users\/19"}],"replies":[{"embeddable":true,"href":"https:\/\/escapehunt.com\/es\/barcelona\/wp-json\/wp\/v2\/comments?post=233"}],"version-history":[{"count":4,"href":"https:\/\/escapehunt.com\/es\/barcelona\/wp-json\/wp\/v2\/pages\/233\/revisions"}],"predecessor-version":[{"id":659,"href":"https:\/\/escapehunt.com\/es\/barcelona\/wp-json\/wp\/v2\/pages\/233\/revisions\/659"}],"wp:attachment":[{"href":"https:\/\/escapehunt.com\/es\/barcelona\/wp-json\/wp\/v2\/media?parent=233"}],"curies":[{"name":"wp","href":"https:\/\/api.w.org\/{rel}","templated":true}]}}